ue
Is -10*(-788)/16*2 a composite number?
True
Let o = 94 + -55. Is o a prime number?
False
Let m(y) = 16*y**2 - 8*y + 11. Is m(5) a composite number?
True
Suppose -945 = g - 2*g. Let u = -446 + g. Is u a composite number?
False
Suppose 20*h - 17*h - 699 = 0. Is h a composite number?
False
Let d(i) = -i**2 + 11 + 14*i + 0*i**2 + 2*i**2. Suppose 34 = -3*f + 4*q, -f - 5*q = -0*f + 24. Is d(f) a prime number?
True
Let b = -13 - -17. Suppose 0 = -0*q + b*q - 844. Is q a composite number?
False
Let q = 9 + -5. Suppose -5*u = -q*u - 106. Is u a prime number?
False
Suppose 4*x - 56 = 4. Let r = 6 - x. Is -1*r/(-3) - -82 a composite number?
False
Suppose -1097 = -u + 2*p, 2*u + p = 3*p + 2196. Is u a composite number?
True
Let n be (-4 + 5)/(2/698). Suppose -4*z + o = -n, 0 = -3*z - z - 2*o + 358. Let j = z - 14. Is j a prime number?
False
Suppose -k - b = -10, k = 4*b + 7 - 22. Suppose -v = -0*v - 5*h + 18, 2*h = 4*v. Suppose -k - v = -l. Is l a composite number?
False
Let n(k) = -396*k - 43. Is n(-6) a prime number?
True
Let c = -2 + 0. Let a be c/4 + 12/8. Is (1/2)/(a/74) a prime number?
True
Let f(s) be the first derivative of 13/2*s**2 + 0*s - 1. Is f(5) composite?
True
Let w = -1 - -8. Let v(j) = -473*j - 88. Let u(x) = 27*x + 5. Let i(r) = 88*u(r) + 5*v(r). Is i(w) a composite number?
True
Let a = 2 - 2. Suppose a = 4*r + 5*i - 71, 56 = 5*r - 2*r + i. Is r a prime number?
True
Let i(q) = 5*q - 7. Let d = 14 + -8. Is i(d) a composite number?
False
Let r(n) = n**3 + 8*n**2 - 2*n - 1. Let u be -1 - ((-8)/4 + 5). Is r(u) a composite number?
False
Let o = 651 - 350. Suppose 2*d - 7*d = -4*i + o, 4*i = -2*d + 322. Is i prime?
True
Suppose 7*i - 563 - 1754 = 0. Is i composite?
False
Let b(h) = 13*h - 6. Is b(9) composite?
True
Is ((-10)/(-30))/(3106/(-1554) - -2) composite?
True
Let k(a) = a**2 - a. Let h(l) = -l**2 - 8*l - 10. Let q(n) = -h(n) - 2*k(n). Let x be (-9)/1*(0 + -1). Is q(x) prime?
True
Suppose b + 4 - 2 = 0. Let z(o) = 30*o - 3. Let k be z(3). Is -1*k/(-1) + b a composite number?
True
Let x be (3 + (-2)/(-1))*1. Let t(n) = -n**3 + 9*n**2 - 10. Let l be t(8). Is 5/(x/(-3)) + l a prime number?
False
Suppose -9 = -2*j - 3. Suppose -j*d + 4*d - 5*s - 53 = 0, -5*d + 295 = 5*s. Is d a prime number?
False
Let g be -7 - -4 - 2*-1. Let v(c) = c**2 + 1. Let d be v(g). Suppose -s + 5*z = -7, -d*z = -4*s - 20 + 102. Is s composite?
True
Suppose -2*j - 245 = 5*v, 0 = 3*v + 2*j + 77 + 66. Let m = 101 + v. Suppose -2*n + 0*n = -m. Is n composite?
True
Suppose 5*i + 25 = 0, 5*i = -4*b + 7538 + 7609. Is b composite?
False
Let t = -746 + 1524. Suppose 2*s = 4*j - t, -j + 2*s = 6*s - 199. Suppose -8*c + 13*c = j. Is c a composite number?
True
Let d(b) be the third derivative of b**5/120 + b**4/4 - b**3/3 - 2*b**2. Let z(w) be the first derivative of d(w). Is z(0) a prime number?
False
Suppose 3154 = 3*v + v + 2*g, -2*g + 1580 = 2*v. Is v prime?
True
Let r(p) = 9*p**3 - p**2 + p - 2. Let i be r(2). Let c = i + -15. Is c a prime number?
True
Let i be 2*(1/2 - 1). Let u(z) = -109*z**3 + z**2 + z. Let w be u(i). Suppose -3*f + w = -2*f. Is f prime?
True
Let t(m) = 34*m**2 + 14*m + 17. Is t(-5) a prime number?
True
Suppose 9*q + 0*q - 4203 = 0. Is q prime?
True
Suppose 2*g = -0*f - 3*f + 5517, -3*f + 5514 = g. Is f composite?
True
Let u = -2 + 7. Suppose 0 = -u*n - a + 3*a, -n = -2*a + 8. Suppose -3*g - 2*x = -203, n*g - 139 = -0*g - 5*x. Is g prime?
True
Let z(w) = 191*w**3 - w**2 - 3*w + 4. Is z(2) prime?
False
Suppose 0 = -v + 5*v + 12. Is (-1 + 185 + v)*1 a prime number?
True
Let s = -88 - -29. Suppose 2*u = 4*j + 24, 0 = j - 5*u + 2 + 4. Let d = j - s. Is d composite?
False
Suppose x - 1348 = -3*g, 2*x - 1018 = 4*g - 2832. Is g prime?
False
Let y = 1797 - -1599. Suppose 4*a + 645 = -5*b + y, 2*a = 4*b + 1382. Is a prime?
False
Let l(d) = 20*d**2 - 9*d - 1. Is l(-4) a composite number?
True
Let x = -174 + 307. Suppose -4*r + 3*r + x = 0. Is r prime?
False
Let k(f) be the second derivative of f**5/10 + f**4/6 - f**3 - 2*f**2 - f. Let u(m) = m**3 - m**2 - 1. Let w(t) = -k(t) + u(t). Is w(-5) a prime number?
True
Suppose 0*i + 6 = 3*i, 16 = b + 2*i. Let y be 196/3 + 8/b. Suppose 4*k - 5*r - y = 5, 3*k - 4*r - 54 = 0. Is k prime?
False
Suppose 6*y - 4*y = -4. Let h = y - 0. Is h*134/(-4)*1 composite?
False
Suppose 2*o = 3*o + a - 10, -4*o - 3*a + 38 = 0. Let h = 10 - o. Suppose -h = -s + 5. Is s prime?
True
Let m be 2 + 5*3/(-3). Let i be (-14)/(-6) + (-2)/m. Suppose -o - 2*j + 162 = -i*j, 4*o = -3*j + 641. Is o a composite number?
True
Let r(t) = -t + 73. Let s be r(0). Suppose -2*w + s = -573. Is w composite?
True
Suppose h - 5*h - 16 = 0. Suppose 0 = 4*o - 5*o - 4*a + 15, 3*a = 12. Is 72 + (-3 - h)/o composite?
False
Suppose -3*s = -s - 12. Let u(r) = 36*r + 7. Is u(s) a prime number?
True
Suppose 0 = -2*s - s. Suppose s = -3*c + 5*c + 20. Is (102/4)/((-5)/c) a prime number?
False
Let j be (-4)/6 + 102/18. Let w(a) = 12*a**2 - 4 + a + 35*a**2 + j. Is w(-1) prime?
True
Suppose 3*d - d - 934 = 3*r, 1848 = 4*d + 4*r. Let y = -270 + d. Is y composite?
True
Suppose -3*f - 12 = 0, -n + f = -0*n - 449. Let m = -284 + n. Is m a composite number?
True
Let t be -3 + -2 + 2 + 1. Let n = 3 - t. Suppose -48 = -n*y - 13. Is y prime?
True
Let x(l) = 14*l + 7. Let f be x(5). Let v(n) = 21*n + 2. Let g be v(-2). Let i = g + f. Is i a prime number?
True
Suppose -7*r + 28 = -5*r. Suppose r = -o + 53. Is o a composite number?
True
Suppose -2*u + s = -2*s - 61, -u - s = -38. Is u a prime number?
False
Is (-2 - -1044 - -1) + 0 composite?
True
Suppose -4*r - 191 = -5*r. Is r a prime number?
True
Let i = -40 - -20. Let v be 4/(-10) - 188/i. Let o(y) = -y**2 + 10*y - 2. Is o(v) composite?
False
Let j be 1/(-2) - 1/(-2). Suppose j*z + 3*z = 66. Is z a composite number?
True
Let d(j) = 3*j - 7. Let c be d(5). Let m = 12 - c. Suppose -i + 3 = -m. Is i a composite number?
False
Let q(u) = 21*u**2 - u. Let l be (2 - 2)/(4/(-2)). Suppose l = -5*y - 5 - 0. Is q(y) a prime number?
False
Let i(k) = -k**2 - k - 1. Let o(w) = w**3 + 6*w**2 + 7*w + 493. Let h(s) = 6*i(s) + o(s). Is h(0) prime?
True
Let v(d) = d**2 - 6*d - 9. Let c(o) = o**3 + 4*o**2 + 2*o + 4. Let j be c(-3). Let y be v(j). Is (-1 - -3)/y*-13 composite?
False
Suppose 0 = 2*q + 2*q + 20. Let a(j) = -34 + 13 + 3*j**2 + 5*j + 22. Is a(q) prime?
False
Let y(z) = -10 - 89*z + 16 - 8. Is y(-3) composite?
True
Let x(b) be the second derivative of 7*b**5/20 + b**4/12 + b**3/3 - 3*b**2/2 + 2*b. Let i(z) = z**3 + z**2. Let a(k) = -6*i(k) + x(k). Is a(5) prime?
True
Suppose 5*b + 4 - 114 = 0. Suppose -4 = l - 2*l. Suppose 0 = l*p + b - 78. Is p a prime number?
False
Suppose -4*i = 3*g - 15, 15 = 3*g - 0. Suppose i = -0*o - o + 4. Suppose -o*t = t - 170. Is t composite?
True
Let q(x) = -3*x**3 - 16*x**2 - 4*x - 25. Is q(-8) a composite number?
True
Let a(y) = -4*y**2 - 3*y + 3 + y + 0*y + 2*y**3. Let v(h) = h**2 + 3*h. Let n be v(-4). Is a(n) composite?
False
Let n(c) = 15*c**3 + c - 1. Let m be n(-2). Let s = 4 - m. Is s prime?
True
Suppose -10*n = -n - 5499. Is n a composite number?
True
Suppose 4*r + 3*d - 6390 = 0, 7984 = 5*r - 0*r + 2*d. Is r/15 + 2/(-5) prime?
False
Suppose -4*d + 3*z - 597 = -d, -3*z - 775 = 4*d. Let c = 419 + d. Is c a composite number?
False
Suppose -i + 3*c = -0*i - 18, 4*i - 37 = 5*c. Is (106/2)/(i/3) a composite number?
False
Let q(j) = 57*j**3 - j + 1. Is q(3) a prime number?
False
Is -7*(1/3 - (-272)/(-24)) a composite number?
True
Suppose 2*d + 1360 = 3*n + 2*n, -5*d - 523 = -2*n. Is n a composite number?
True
Let l(p) = -p**3 + p + 2. Let n be l(0). Suppose 3*t - 279 = -2*g, -n*t + 3*g + 173 = -0*g. Is t prime?
False
Suppose -4*a = -0*a - 1060. Is a a composite number?
True
Suppose -3202 = -3*b - 5*f, 4*b - 202 = 5*f + 4079. Is b a prime number?
True
Let r = -59 + 98. Is r*-2*2/(-6) composite?
True
Let n = 5777 - 3682. Is n prime?
False
Let g = 50 + -49. Let x = -3 + 9. Let k = x + g. Is k prime?
True
Suppose 0 = 6*b - 4*b + 10. Let q = -3 - b. Suppose -3*y = -q - 4. Is y a composite number?
False
Is ((-2722)/4)/(3/(-6)) composite?
False
Let p = 120 - 7. Let q = p + -34. Is q a composite number?
False
Let l(j) = j**2 - 6*j - 3. Let c be l(6). Let s(q) = -24*q - 1. Let k be s(c). Suppose 5*f - 564 = k. 